04 and 24192.
504
Calculate the greatest common factor of 21056 and 50384.
752
Calculate the greatest common factor of 40 and 736616.
8
What is the greatest common factor of 12318 and 6?
6
Calculate the greatest common divisor of 98175 and 4305.
105
What is the greatest common divisor of 216 and 519492?
12
What is the highest common divisor of 28 and 1704836?
28
Calculate the greatest common factor of 1738 and 46847.
79
Calculate the highest common factor of 444210 and 780.
390
What is the greatest common factor of 7644 and 13818?
294
What is the highest common divisor of 4085 and 3655?
215
Calculate the greatest common divisor of 74 and 893994.
74
Calculate the highest common factor of 160 and 51275.
5
Calculate the highest common divisor of 77553 and 210.
21
Calculate the greatest common divisor of 8925 and 1225.
175
Calculate the highest common factor of 484 and 38.
2
What is the greatest common factor of 8352 and 273760?
928
What is the highest common factor of 25 and 874525?
25
Calculate the greatest common factor of 120 and 4630.
10
Calculate the greatest common factor of 116570 and 150.
10
Calculate the highest common factor of 49 and 301.
7
What is the greatest common factor of 96 and 372544?
32
What is the greatest common factor of 2195 and 2314847?
439
What is the greatest common factor of 2354627 and 332?
83
What is the highest common divisor of 4284 and 171?
9
What is the highest common divisor of 156066 and 76?
38
Calculate the greatest common divisor of 15365 and 594845.
2195
What is the highest common divisor of 20856 and 69432?
264
Calculate the greatest common factor of 137997 and 7182.
513
What is the greatest common divisor of 4171479 and 65?
13
What is the greatest common divisor of 6588 and 756?
108
What is the greatest common factor of 282 and 1131?
3
Calculate the highest common divisor of 849 and 54053.
283
Calculate the highest common divisor of 38947 and 23171.
493
Calculate the highest common factor of 462 and 4614.
6
What is the greatest common divisor of 316 and 413012?
316
Calculate the greatest common factor of 6 and 1395726.
6
What is the greatest common factor of 1653 and 2872363?
551
Calculate the greatest common divisor of 13 and 105599.
13
What is the highest common factor of 1455 and 5246730?
1455
Calculate the highest common factor of 611 and 7050.
47
Calculate the greatest common divisor of 60 and 59190.
30
What is the greatest common divisor of 143 and 29458?
143
What is the greatest common factor of 15 and 1236?
3
Calculate the greatest common factor of 128 and 44428.
4
What is the greatest common divisor of 8183 and 353539?
167
What is the highest common factor of 189 and 161973?
189
What is the greatest common factor of 158774 and 14?
14
What is the highest common factor of 756 and 108972?
108
Calculate the highest common divisor of 1408 and 94720.
128
What is the highest common factor of 621 and 424557?
207
What is the highest common factor of 580 and 979330?
290
What is the highest common factor of 226860 and 26220?
1140
Calculate the highest common factor of 312 and 70536.
24
What is the highest common divisor of 39 and 7761?
39
Calculate the highest common factor of 950 and 9050.
50
What is the highest common factor of 120006 and 226?
226
Calculate the greatest common divisor of 153440 and 35.
35
What is the highest common divisor of 7757006 and 31?
31
What is the highest common factor of 1022 and 35697?
73
What is the highest common divisor of 986 and 68498?
58
Calculate the greatest common factor of 114 and 1333458.
114
What is the greatest common factor of 1782 and 486?
162
Calculate the highest common divisor of 38 and 8171.
1
What is the greatest common factor of 94 and 13207?
47
What is the highest common factor of 3864 and 9816492?
1932
Calculate the greatest common divisor of 48 and 939948.
12
What is the greatest common divisor of 40 and 20488?
8
Calculate the highest common divisor of 1793 and 8.
1
Calculate the greatest common factor of 320 and 124.
4
What is the greatest common factor of 57 and 193287?
57
Calculate the highest common factor of 176 and 3641.
11
Calculate the greatest common divisor of 11 and 331771.
11
Calculate the highest common divisor of 330 and 80670.
30
Calculate the greatest common divisor of 267560 and 24.
8
What is the greatest common divisor of 792 and 61416?
72
Calculate the highest common divisor of 1498 and 154.
14
Calculate the highest common divisor of 74247 and 18.
3
What is the highest common divisor of 555485 and 2152?
269
What is the greatest common factor of 6405 and 4200?
105
Calculate the highest common divisor of 2172 and 1845476.
724
Calculate the highest common factor of 1152 and 457020.
36
Calculate the greatest common divisor of 17 and 2544033.
17
What is the greatest common divisor of 7872 and 1344?
192
What is the greatest common divisor of 1250 and 12250?
250
Calculate the greatest common divisor of 50 and 16410.
10
Calculate the greatest common factor of 56 and 1422708.
28
Calculate the greatest common divisor of 4225 and 326300.
325
What is the greatest common factor of 130 and 25766?
26
Calculate the highest common factor of 325 and 1575.
25
What is the greatest common factor of 19440 and 48?
48
Calculate the greatest common divisor of 352 and 141152.
352
Calculate the greatest common divisor of 62356 and 204.
68
Calculate the greatest common divisor of 284071 and 781.
71
Calculate the greatest common divisor of 2092 and 188.
4
What is the highest common divisor of 12544 and 1280?
256
Calculate the highest common divisor of 89772 and 108.
12
What is the greatest common divisor of 10076 and 246404?
916
What is the greatest common factor of 44731 and 41?
41
Calculate the highest common factor of 1342400 and 120.
40
What is the greatest common factor of 27625 and 1300?
325
Calculate the greatest common factor of 439455 and 210.
15
What is the greatest common divisor of 270 and 9410?
10
What is the highest common factor of 2741876 and 6?
2
What is the greatest common divisor of 2494 and 9164?
58
What is the highest common factor of 240774 and 12?
6
Calculate the greatest common factor of 145690 and 510.
170
What is the greatest common divisor of 612 and 4197708?
612
What is the greatest common divisor of 150251 and 1299?
433
What is the highest common divisor of 53991 and 7?
7
What is the highest common factor of 7530 and 120?
30
What is the greatest common factor of 42130 and 15895?
55
Calculate the highest common factor of 503820 and 15.
15
Calculate the highest common divisor of 29606 and 14410.
262
What is the highest common factor of 5960 and 2210?
10
Calculate the highest common divisor of 130232 and 9344.
584
Calculate the greatest common factor of 8073 and 253.
23
Calculate the highest common factor of 386426 and 202.
202
Calculate the greatest common factor of 11104 and 19552.
32
Calculate the greatest common factor of 8 and 292184.
8
What is the greatest common factor of 567 and 674499?
21
Calculate the greatest common divisor of 143341 and 33.
11
Calculate the greatest common factor of 335027 and 2128.
133
Calculate the highest common factor of 2648 and 1912.
8
Calculate the highest common divisor of 34804800 and 2880.
2880
What is the highest common divisor of 1974 and 2415?
21
Calculate the greatest common factor of 815132 and 928.
116
What is the highest common divisor of 304020 and 270?
270
What is the highest common factor of 6688 and 2728?
88
Calculate the highest common factor of 14489625 and 375.
375
What is the greatest common factor of 5643 and 1470150?
297
Calculate the greatest common divisor of 64 and 574088.
8
Calculate the highest common factor of 1713 and 9.
3
Calculate the greatest common divisor of 415460 and 85.
5
What is the greatest common factor of 252 and 642348?
252
Calculate the highest common factor of 135464 and 6844.
236
Calculate the greatest common factor of 56126 and 38.
38
Calculate the highest common factor of 500 and 50500.
500
What is the greatest common factor of 38 and 3686?
38
Calculate the greatest common divisor of 228 and 4522.
38
What is the highest common factor of 356256 and 9?
9
Calculate the greatest common divisor of 114 and 5175334.
38
What is the highest common factor of 104265